me?
False
Let u be (-4 + 142)*6/(-9). Is u/138*4269/(-1) prime?
False
Suppose 0 = -8*h - 15*h - 39*h + 4989202. Is h prime?
True
Let c(a) = 45*a**3 + 3*a**2 + 2*a + 1. Let u(l) = -2 + 2*l - 2*l**2 + 6*l**2 + 3. Let v be u(-1). Is c(v) prime?
True
Suppose 53136766 = 1182*f - 1016*f. Is f a prime number?
True
Let d(n) = 35577*n + 1268. Is d(5) composite?
True
Let l(h) be the first derivative of 8*h**3 - 2*h**2 - 7*h - 308. Let f(z) = -z + 2. Let r be f(7). Is l(r) a composite number?
False
Suppose -3*o - 32*n + 117466 = -27*n, -4*o + 156629 = -n. Is o prime?
True
Let d(k) = -295674*k**3 - 4*k + 4 - 1 - 3*k**2 + 295680*k**3 + k**2 + 2*k. Suppose 0 = 4*g + 4 - 12. Is d(g) prime?
False
Let r(v) = -8*v**2 - 19*v + 4*v**3 - 3*v**3 + 110 - 120. Let w be r(10). Is w/4 + -1 - -170 a composite number?
True
Suppose -6*c + 238 = -140. Let j = c + -60. Is j/(-4) + 10530/120 prime?
False
Let a(l) = l**3 - 12*l**2 + 11*l + 4. Let j be a(11). Is j*(-2)/((-16)/5854) prime?
True
Let w(a) = -a**2 - 16*a - 55. Let t be w(-6). Suppose t*y - y = -3*u + 21200, -3*u - 21176 = -4*y. Is y prime?
True
Let s(h) = 24440*h**2 + 188*h - 187. Is s(1) a prime number?
False
Suppose 0 = 66*j - 74*j - 784. Let u = j + 114. Is (-4)/u + -1 + 3063/12 composite?
True
Let d(z) = 56963*z**2 - 31*z + 33. Is d(1) prime?
False
Suppose 0 = -4*a - a + 286800. Suppose 3*u = -0*u - v + a, 5*u - 95599 = -2*v. Is u a prime number?
True
Suppose -16*r = -26*r + 1085530. Is r a composite number?
False
Let m(a) = -141*a**3 + 40*a**2 - 42*a - 120. Is m(-17) composite?
True
Is 6 + (66422/5)/((144/510)/12) a composite number?
False
Suppose -2*j + 14 = -3*b - 4*j, 24 = -4*b - 4*j. Let c be -428 + (-6)/(-8)*(b + 6). Let z = c - -1807. Is z a prime number?
False
Let o = -45135 - -67574. Is o a prime number?
False
Suppose 12*f = 6*f + 210. Let l = 10 + f. Suppose l*v = 46*v - 689. Is v a composite number?
True
Suppose 936616 = 20*z - 1889583 + 818619. Is z a composite number?
False
Suppose -5*c + 128264 = 4*z - 32223, 0 = -5*c + 3*z + 160501. Is c a composite number?
False
Let l(n) = -12*n - 57. Let y be l(-9). Suppose 48737 = -38*i + y*i. Is i a composite number?
True
Suppose 0 = 4*k + u + 14, -4 = 3*u - 5*u. Is ((-14512)/(-32))/((-2)/k) prime?
True
Let g(f) = -48051*f + 6746. Is g(-5) prime?
True
Let m = 14 - 11. Suppose m = 3*a - 3. Is (-1415 + 9)/(-1*a) composite?
True
Is 8/(-6)*((-126619427)/22 + 5)/6 a composite number?
False
Let o = -171947 - -390198. Is o composite?
True
Suppose 2*l - 1 = -o, -29*l + 7 = -25*l - 3*o. Is -1*((-333)/18)/(l/2) a composite number?
False
Suppose 127*r = -2087797 + 6615127 + 19975669. Is r composite?
True
Let i be (-2 - 0) + (-2 - -9). Suppose -d + 5*s = -19, -4*d + 4*s - 9*s = -1. Suppose -i*u + 5 = 0, d*j - 3090 = -u + 7483. Is j a composite number?
True
Is (-21)/(-12) - 15389304/(-96) a composite number?
True
Let y be (-6 + (-26)/(-5))/(1/(-5)). Suppose 0 = -2*s - y*z + 24458, -5*s + 3*z - z + 61133 = 0. Is s prime?
True
Let i be 183/(-2)*(-2198)/63*6. Let k = -3923 + i. Is k a composite number?
True
Let k(t) = -10607*t - 261. Is k(-4) a composite number?
True
Suppose 4*k + 0*k = -540. Suppose 0 = p + 2*c - 258, -786 = -123*p + 120*p - 2*c. Let t = p + k. Is t a prime number?
False
Let l(n) = 281 - 263 - 116*n + 49*n - 53*n. Let b be l(23). Let y = 4121 + b. Is y a composite number?
True
Let h = 56452 - -85815. Is h composite?
True
Let h = 82650 + 23083. Is h a composite number?
False
Is (-718369)/(-10) + 26/260 prime?
True
Let t(i) = 41578*i**2 + 689*i + 2. Is t(5) composite?
False
Is (((-4)/5)/(-2))/(8/1753420) a prime number?
True
Let t(z) = 9*z + 144. Let q be t(-16). Suppose 3*d + 3 = q, 37158 = y + 2*y + 3*d. Is y prime?
False
Let m(p) = -441*p + 15. Let j(u) = u**3 - 21*u**2 + 20*u - 11. Let f be j(20). Let k be m(f). Is 6/(-4)*k/(-9) a prime number?
True
Let y = -40170 + 78504. Suppose -273*i + 279*i - y = 0. Is i composite?
False
Suppose 0 = -100*m + 147*m - 18667507. Is m prime?
True
Suppose -13 = -2*v - 9. Let f be (v - (-10)/(-4))*(-7 + 3). Suppose f*s - 1004 - 138 = 0. Is s a prime number?
True
Suppose 0 = 2*p - i + 35, i = 5*p - 19 + 105. Let z(o) = -16*o + 209. Is z(p) prime?
False
Let r(s) = s**3 + s + 257. Let i(v) = 3*v + 22. Let p be i(14). Let m = -64 + p. Is r(m) a prime number?
True
Suppose 5*v = -q + 73242, 1171*v - 1175*v = -5*q + 366181. Is q prime?
True
Let c be 4/1 + (51 - 52). Is c*7/(168/2872) a prime number?
True
Suppose 0 = 4*f + 3*z - 11 - 24, -4*f + 3*z + 29 = 0. Suppose 4*s = -f, -u - 4*s = -2*s - 2. Let t(p) = 24*p**2 + 10*p - 1. Is t(u) a composite number?
True
Suppose -9*y + 19415 = 100865. Let c = y - -14894. Let x = -3101 + c. Is x composite?
True
Let x = 3909751 + -1683870. Is x a prime number?
False
Let j(n) = n**2 + 12*n - 13. Let g be j(-13). Let u be g/(-5) + 3 + 1. Suppose -835 = -u*p + 3*s, -4*s - 1040 = -5*p + s. Is p composite?
False
Let p(a) = 56*a**3 - 9*a**2 + 3*a + 25. Let l be p(5). Suppose -9*b + 1371 = -8*b + 5*q, -5*b = 5*q - l. Is b a prime number?
True
Let v(t) = 2*t + 21. Let g be v(-8). Suppose -2*m - 3*f = -23837, 34020 - 10159 = 2*m - g*f. Is m a prime number?
True
Let a be 6*-2*(1 - (-12465)/(-20)). Suppose -2369 - a = -4*p. Is p a composite number?
False
Suppose -n - 3*w + 12260 = 0, -17778 - 31217 = -4*n + 3*w. Is n prime?
True
Is 15227886/759 + 2/(-22) composite?
False
Let c(q) = -3*q**2 - 44*q - 22. Suppose 0 = -8*r - 78 + 6. Is c(r) a prime number?
True
Let t = -21122 - -30011. Is t prime?
False
Suppose -3*w - 10*w + 7*w = 0. Suppose 23*m - 19*m + 4*z = 5412, 4*m - z - 5402 = w. Is m prime?
False
Suppose 4*f + 4*m - 44 = 0, -14*f - 2*m = -16*f + 10. Is (46/4)/((-5929)/742 + f) composite?
True
Let l = -53677 + 143730. Is l a composite number?
False
Suppose -3477 = -m - 7*s, m + 5*s = -m + 6972. Is m prime?
True
Let d = -541177 - -1078788. Is d prime?
True
Suppose 0 = -8*b + 32. Is ((-739)/3)/(b/6 + -1) composite?
False
Is -21*(-16)/48 - (-1 + -101259) composite?
False
Suppose q = -3*g + 298409, 13*q = 3*g + 15*q - 298411. Is g a prime number?
True
Suppose 5*m = -13*m - w + 1202773, 2*m = -2*w + 133632. Is m a prime number?
True
Let h(t) = -5*t**3 - 4*t**2 + 13*t - 7. Suppose 4*g = -22 - 30. Is h(g) a prime number?
True
Let a be (-12)/(-20) - (-32)/(-20). Is a*3 - -5777*(1 - 0) composite?
True
Let v(h) = -10*h**3 - 5*h**2 + 10*h - 3. Suppose 2*b + 93 - 77 = 0. Is v(b) composite?
True
Let t(o) = 532*o**2 - 31*o - 107. Is t(-6) a composite number?
False
Suppose 17*d + 12*d = 19*d + 14670220. Is d a composite number?
True
Let p be (5 - -1)/(-6*(-1)/116). Suppose 3*f - p - 9 = 5*o, 0 = -o + 3*f - 37. Is o/(-1) - 0/(-1) a prime number?
False
Is (10/40)/(5*(-4)/(-21049840)) a composite number?
True
Let x(n) = -83 + 127 + 13*n + 17*n**3 - 3*n**2 - 63. Is x(10) prime?
True
Suppose 0 = -5*g - 4*g + 18. Let y be g/3*2253 + 24/6. Let p = y - 495. Is p a prime number?
False
Suppose 2*h - 27060 = 5*o, 4*h = -2*o - o + 54094. Suppose 376*t - h = 371*t. Is t composite?
True
Let t(u) = -100*u - 15. Let q(l) = -301*l - 46. Let y(z) = 3*q(z) - 8*t(z). Let f be y(4). Let g = f - -827. Is g a prime number?
True
Let l = -427370 - -953041. Is l prime?
True
Let l(a) = 2*a**2 - 2*a - 12. Let k be l(-4). Let m(h) = 2*h**2 - 57*h + 43. Let d be m(k). Is d*((-84)/(-9) - -3) composite?
True
Let x(p) = 4*p**2 - 15*p + 27. Let l = 43 - 57. Let w = 22 + l. Is x(w) a prime number?
True
Suppose j - 176 = 5*g + 19, g = j - 187. Let i = 119 + j. Suppose -8*z = 8*z - i. Is z a prime number?
True
Let k be 6*((-55)/(-10) - 4). Suppose k*n - 15*n = -259212. Suppose 4*v = -5*o + n - 387, -3*o + 25689 = -3*v. Is o a prime number?
True
Suppose 30201 = -3*k + 2*t + 177934, -98492 = -2*k + 2*t. Is k a composite number?
True
Let a be 30/80 - 2/((-32)/90). Is 42381/a - (-3)/(-6) a composite number?
True
Is -3*(-5 + 674037/(-54))*2 a composite number?
False
Let h(i) = -4555*i + 22. Let q be h(-9). Suppose -8*j + q = 2465. Is j a prime number?
False
Let f = -57 + 61. Let j(t) = 297*t**2 - 9*t + 1. Is j(f) composite?
True
Suppose -2*c = 18 - 0. Is (-2942)/3*c/6*1 a composite number?
False
Let g(s) = 5*s + 6503. Is g(0) prime?
False
Is (1 - 9/6)*-56638 a prime number?
True
Suppose 0 = -56*j - 21*j + 6915078 + 1880863. Is j prime?
False
Suppose -1